 105 + 1?
124
Evaluate -2 + 0 - 114 - (48745 - 48753).
-108
Evaluate (3 - 87) + (-1 - 19) - -32.
-72
Calculate -59 - (-2 + 2) - (3285 - 3307).
-37
Calculate 50 - 8 - (29 - -4).
9
What is the value of 37 + 27 + (-45 - (-7 + -23))?
49
22 + (4 - (27 + -13)) - 6
6
-54 - (56 - (43 - -41))
-26
What is the value of -45 - ((-60 + 9 - -10 - -18) + -2)?
-20
9 + 1 + (16 + 16 - 7)
35
Evaluate 47 - (-57 - -12) - 51.
41
What is -4 - (21 - (45 + -17 + 10))?
13
Calculate -2 + 0 + -11 + 6 - (-10 - (-1 - -2)).
4
Evaluate 44 - -66 - 180 - -171.
101
Calculate -40 + (143 - 130) + (-35 - 0).
-62
What is 9 + (11 - (4 - (6 - (-9 + 41)))) + 65?
55
What is the value of -49 + 19 + -12 + 32?
-10
What is (-6 - 95) + (-6 - -1 - (-6 - 4))?
-96
What is -33 + 12 + 79 - -17?
75
Calculate (-11 - (17 + -22)) + -15.
-21
(38 + 0 - -4) + -16
26
Evaluate -5 - -2 - (376 - 450 - (1 - 18)).
54
Evaluate (30 - 55) + 8 - 71 - 23.
-111
Evaluate -8 - (1 + -20 + 308 + -293).
-4
Calculate -42 - (-4 + -7 + (-12 - -22) - 1).
-40
Evaluate -15 - -31 - -15 - 8.
23
What is -13 + (83 + -130 - -132)?
72
What is (-514 - -344 - -210) + (0 - -89)?
129
-63 + 70 + 1 + -29
-21
13 - (-36 + (4 - -16) - (34 - 2)) - -15
76
64 + (37 - 55) - 22
24
What is -76 + 82 - -23 - 58?
-29
What is the value of 12 - 46 - (0 + -10 + (22 - 5 - 3))?
-38
49 - (36 - -19) - (62 - -4)
-72
Evaluate (34 + (-21 - 5) - (1 - -12)) + -15.
-20
Evaluate -22 + 1 - (-23 - -3 - (-22 + 0)).
-23
20 + (42 - 78) + -18
-34
43 + -43 - (-4 + 9 + 24)
-29
What is (-40 - (-248 + 171)) + (-2 - 0) + (1 - -5)?
41
What is 9 + (1 - -19 - (336 - 291))?
-16
Calculate -120 + 115 - (-9 + -2).
6
What is -8 + -7 - ((0 - -6 - 20) + -1) - -72?
72
What is the value of -2 + 11 + 1 + (-48 - 14 - -70)?
18
(-1 - -2 - (97 - 110)) + -6 - -18
26
What is 0 + 151 - (-5 + 23 + -17 - (-12 - -6))?
144
What is -85 - -58 - -2 - -32?
7
What is -52 + 52 + (17 - 1) + -18?
-2
What is 5 + 104 - 9 - -5 - (78 + -76)?
103
What is the value of -21 + (-20 - (0 - 30))?
-11
What is (17 - -46) + -58 - (94 - (3 + 2))?
-84
What is the value of -31 - (5 + -11) - -18?
-7
What is the value of -54 - -3 - (-20 + 28 + -8 - (3 + -1))?
-49
Calculate (1 + 10 - (-776 - -748)) + 1.
40
30 - ((41 - 64 - -33) + -10)
30
What is the value of -57 + 27 - (0 + -36) - (-28 + (2 - 1))?
33
(11 - (-5 - (-5 + -14))) + (-21 + -7 - -9)
-22
Calculate 44 - 3 - (163 + -125).
3
What is the value of (-3 - (1 - 3)) + 1 + (-3368 - -3363) + -65?
-70
62 - 35 - 16 - (7 + -2 - 7) - 54
-41
-20 + 6 + (-18 - 29) + 17
-44
-12 + (123 + -63 - 97) + (11 - 1 - -1)
-38
Evaluate (-6 - -5) + -61 + 158.
96
What is -3110 - -3124 - (39 + 0 + -4 + 1)?
-22
What is the value of -154 + 159 + -4 + (118 - -3) + -6?
116
64 - (72 - 4) - (-3 - 21)
20
Calculate (110 - (-13 + 32)) + -46.
45
Calculate 16 + 1 - (10 - 73 - -166).
-86
What is 14 - (-10 + 30) - -16 - 49?
-39
Calculate -20 + (0 - -15 - (-103 + 115)).
-17
What is the value of -19 + 39 + (-10 - 5) + 53?
58
What is the value of -10 + (-154 - -153 - (-4 - -7))?
-14
Calculate -19 + 21 + (2 - 4) + 9 - -60 - 9.
60
3 + (-14 - 5) + 91 + (-19 - -14)
70
Evaluate (2 - (-1 + 20)) + 0 + -22 + (74 - 45).
-10
Calculate 24 - -1 - (-260 + 325).
-40
What is (-24 - (25 - (62 + -24))) + 86?
75
Calculate (8 - (6 + -2) - 12) + 28 + -5.
15
-1 + -48 + 27 + -21 - (-14 - -11 - -14)
-54
Calculate -1183 - -1183 - (-42 - 0).
42
(14 - (19 - (4 + 11)) - (6 + 7)) + -41
-44
(-70 - 7) + (11 - 8) + -5
-79
Evaluate 5 + -7 + -124 - (6 + (24 - 44)).
-112
Evaluate (-109 - (-16 - -4)) + (-7 - (9 - 18)).
-95
What is the value of 39359 + -39345 + (-2 + -31 - (-3 - -2))?
-18
-7 - (0 - -1) - ((-15 - (-5 - -15)) + 33)
-16
What is the value of -19 + -28 + 35 + -23 - -148?
113
What is the value of -72 - (-88 - -21) - (0 + -4 + 53)?
-54
Calculate (-4 - -26) + -17 + -18 + 28 + -72 + 0.
-57
7 + (6 + -2 + 3 - 15 - 34) + -8
-43
What is (-53 - -16 - 29) + (-5 - -12)?
-59
-1 + 21 + (17 - 1) + 110 + -127
19
Evaluate 2 + -1 + -45 - (2 + -53 + 40).
-33
(-9 + 20 - -4) + (-78 - (6 + 9))
-78
Evaluate -34 + (20 + -42 - -18).
-38
Evaluate -6 + (10 - 36) + 42 + -21.
-11
(-2 - (-22 + 14)) + (-3 - (-1 + -6))
10
What is the value of -1 + 7 - (-7 + (-2 - -14) - (-9 + -2))?
-10
Calculate -14 - -6 - -9 - 10 - -36.
27
Calculate 3 + (-16 - -2) + (50 - 38 - 36).
-35
What is (-69 - -43) + (0 + 1 + -14 - (281 - 289))?
-31
Calculate -102 - (-10 - (16 - (13 + 13)) - (-13 + 1)).
-114
Evaluate 49 + 23 - 25 - (3 - (-2 + 8) - 0).
50
-19 - ((-9 - -2) + 15)
-27
Calculate -8 - (-14 - 1 - (-648 - -646)).
5
Evaluate 1 - (3 + 1 + -5 - -1) - (25 + -75).
51
Calculate (14 - (-45 + 79)) + 0 + 53.
33
What is (307 - (-109 + 207)) + -120?
89
What is the value of -11 - (8 + (-11 + 18 - 28) - 1) - 91?
-88
(16 + 89 - 128) + 0 + 50
27
Evaluate -87 - -82 - (-8 - (-5 + -1 + 11)).
8
0 + 57 + ((22 - 7) + -11 - 11)
50
Evaluate 0 - -94 - (-4814 + 4836).
72
What is the value of (57 - 56) + 6 + (-28 - -16)?
-5
What is the value of (-2 - (4 + 0)) + (-6 - -6) + -33?
-39
Calculate (27 - (14 - -22)) + 27 - 0.
18
Evaluate 15 + -1 + (-2980 - -2925).
-41
Calculate 3 - (-94 - -86 - -99).
-88
What is the value of -34 + 63 - (9 + 43)?
-23
Calculate 7 + 4 + -3 - (102 - 84).
-10
What is (257 - 166) + -29 + 22 + 7 + -2?
89
Calculate 1 - (-8 - 40 - -73).
-24
Calculate -37 - (122 + (53 - 224)).
12
What is the value of 30 - (-1 - (45 - 31) - 0)?
45
Calculate 10 - (1 + -2) - (-13 + -64 + 47 - -27).
14
What is the value of (2 - (14 + -1)) + (45 - (259 - 180))?
-45
Evaluate 10 + (20 - 0) - -8 - 16.
22
What is the value of 16 + -35 - (1 + 16) - (3 - 2)?
-37
(16 - -17 - 19) + (-2 - 9) + (-92 - 0)
-89
Evaluate -6 + 8 + -120 + 9 + (-8 - -21).
-96
Evaluate (63 - 38) + -213 + 135.
-53
Calculate -1644 - -1675 - (60 - 1).
-28
What is -128 - (43 + -157 + 96)?
-110
3 + -1 - (1393 - 1402)
11
-28 - (-20 - (28 - 24))
-4
Evaluate 11 + 6 + -36 - ((12 - 103) + 6).
66
What is the value of -3 - 1 - -76 - (-112 - -118)?
66
-7 + 11 + (-279 - -332)
57
Calculate -152 + (189 - 54) + (1 + 1 - 0) + -1.
-16
What is 0 + (2 + -22 - -1) - (121 - (-83 + 206))?
-17
What is the value of 15 - -1 - (27 + (-8 - -11 - -11))?
-25
Evaluate -3 + 11 + -3 + (-2 + (8 - 65) - -14).
-40
Evaluate (26 - (-56 + 23) - 8) + 31 + -17.
65
What is -238 + 241 + (-1 - 4 - (-5 + -15))?
18
Calculate (0 + -51 + 49 - (42 - 1)) + 10.
-33
What is the value of -26 - (-9 + 30 - 99)?
52
Evaluate ((13 - 4) + -11 - (-2 - 4 - -1)) + -78.
-75
What is 12 - -1 - (26 - 41 - -13)?
15
What is 10 + (40 - (-4 + (4 - -21))) + -89?
-60
What is (-30 - (-20 - 7) - (-1 - 27)) + (4 - -1)?
30
Calculate -136 - -163 - (43 + (9 - 2)).
-23
What is the value of 1 - -31 - (160 + 30 + -171)?
13
Calculate -5 + (-7 - -52 - 1) - (-157 - -153).
43
Evaluate 28 + 18 + -37 + 3.
12
7 + (-8 + -15 + 12 - 10 - (1 + 0))
-15
Evaluate -6 + -2 + 4 + 50 - (-37 - (-36 + -6)).
41
14 - (-5 - (16 + 2 + -12 + 0))
25
Calculate 2 + 4 - (110 + (-39 - 25)).
-40
What is (-2 - ((-17 - -3) + -40 + 52)) + 63?
63
Evaluate 12 + -5 + ((35 - 3) + -17 - 14).
8
Calculate 10 + (-15 + 4 + (-5 - -13) - 14).
-7
What is -19 + (-68 - (-194 - -84))?
23
Calculate 71 - (56 + 14 - 36).
37
-2 - (-16 + 4 - 5) - (2 - -10)
3
What is -9 + 3 + (38 - -4) + -19 + -23?
-6
4 - (-78 - -100) - (11 + 1)
-30
What is the value of ((102 - 120) + -1 + 11 - (-28 + 10)) + 7?
17
Evaluate (79 - 81) + (2 - (-7 + 5)).
2
Calculate -8 + (-25 + 54 - -20).
41
What is the value of 38 + -9 + 110 + (0 - 27)?
112
What is (65 - (2 + -2)) + (-35 + 34 - -52 - 57)?
59
(-24 - -27) + (3 + -66 - 2) - (38 + -44)
-56
What is -57 + (-3 - 0) - (1049 - 1049) - (9 + 3)?
-72
What is the value of 10 + (0 - (-22 - (-31 + 17)))?
18
What is the value of 88 - -1 - (0 - -43) - -95?
141
What is the value of (35 - -10 - 160) + (-18 - -1)?
-132
What is the value of (-38 - 16 - -34) + 3 + 0 + -1?
-18
What is the value of -61 - (22 + -55) - (0 + 1)?
-29
Calculate 22 + -12 + (-37 - -34) + (1 - -4) - -24.
36
-13 - 9 - -53 - 15 - 97
-81
Evaluate -6 + -4 + -6 + (4 - (5 - 5)) - -2.
-10
Evaluate (4 - 2) + -13 - (-14 + -6).
9
Evaluate (-95 - (-86 - -30)) + -22 + 2.
-59
-25 + (-4 - (-20 - ((0 - -12) + -13)))
-10
-11 + (-43 - -110) - 67
-11
Calculate -2092 + 2141 + -19 + 0.
30
What is -8 - (23 - (8 - -9)) - -22?
8
Calculate (3 - 8) + (-31 - -22 - (-5 - 23)).
14
Evaluate 37 + (59 - 38) + -113.
-55
What is